22
Let s(n) = 5*n**2 - n - 16. What is s(5)?
104
Let s(j) = 6*j + 7. Determine s(-2).
-5
Let y(p) = p**2 + p - 4. What is y(-5)?
16
Let t(g) = 3*g - 11. Determine t(0).
-11
Let k(p) = p - 27. Calculate k(-14).
-41
Let p(t) = t**2 + 9*t - 36. Calculate p(-12).
0
Let n(l) = -l**2 - 5*l - 6. What is n(-6)?
-12
Let h(j) = -5*j + 179. Give h(0).
179
Let z(r) = -184*r + 922. What is z(5)?
2
Let r(c) = -c**3 + 7*c**2 - 2*c + 7. Calculate r(7).
-7
Let g(n) = -n**3 - 4*n**2 - 18*n - 80. Give g(-5).
35
Let x(t) = 5*t**2 - 3*t - 2. What is x(3)?
34
Let f(l) = 2*l + 19. Give f(8).
35
Let g(l) = 2*l - 3. Determine g(3).
3
Let c(b) = -9*b**2 + 27*b - 6. What is c(3)?
-6
Let x(o) = -o**2 + 51*o - 142. Give x(3).
2
Let o(t) = t**2 + 7*t + 11. Give o(-6).
5
Let n(p) = 3*p**2 + 25*p - 18. Give n(-9).
0
Let x(o) = o**3 + 27*o**2 + 25*o - 27. Calculate x(-26).
-1
Let c(i) = i**2 + 4*i + 5. What is c(-4)?
5
Let f(o) = -2*o - 57. What is f(15)?
-87
Let a(r) = -r**3 - 2*r**2 + 7*r + 6. What is a(-4)?
10
Let n(i) = -i + 5. What is n(-4)?
9
Let n(u) = -u**2 - 9*u - 4. What is n(-10)?
-14
Let q(b) = -2*b + 8. Determine q(-8).
24
Let s(m) = m**2 - 11*m + 8. Calculate s(7).
-20
Let z(g) = g**3 - 16*g**2 + 22*g + 47. Determine z(14).
-37
Let g(c) = -5*c + 24. Determine g(10).
-26
Let p(v) = v**3 - 24*v**2 + 44*v + 2. What is p(22)?
2
Let m(y) = y**2 - 8*y - 2. Give m(6).
-14
Let g(x) = x**3 + 13*x**2 - 14*x + 3. Determine g(-14).
3
Let a(m) = -7*m - 1. What is a(3)?
-22
Let a(n) = -n**2 + n - 25. Give a(0).
-25
Let q(p) = -8*p + 18. Calculate q(2).
2
Let i(j) = -j**2 - 10*j + 3. Give i(-12).
-21
Let g(h) = -h**3 + 8*h**2 + 27*h - 62. Give g(10).
8
Let i(j) = -3*j - 21. Calculate i(2).
-27
Let q(r) = -2*r**3 + 5*r**2 - 5*r + 6. Determine q(3).
-18
Let z(l) = -12*l**3 + l**2 - l - 1. Calculate z(-1).
13
Let l(r) = -r**3 - 2*r**2 + 8*r + 10. Give l(-4).
10
Let n(z) = z**2 - 32*z + 151. Give n(26).
-5
Let u(f) = 3*f + 27. Calculate u(-13).
-12
Let m(u) = u**3 + 24*u**2 + 23*u - 3. Give m(-23).
-3
Let g(u) = -u**3 - u**2 + 4*u - 3. What is g(1)?
-1
Let r(b) = -3*b**3 + 2*b**2 + 9*b - 7. Determine r(1).
1
Let p(r) = r**2 + 18*r + 6. Calculate p(-16).
-26
Let i(k) = k**3 + 5*k**2 - 2*k + 83. Determine i(-7).
-1
Let w(l) = -3*l**3 - l**2 + 2*l + 2. Calculate w(-2).
18
Let x(y) = -2*y**2 + 20*y + 6. Give x(10).
6
Let m(k) = -k - 6. What is m(-1)?
-5
Let v(n) = 9*n**2 + 3*n + 4. What is v(-3)?
76
Let z(y) = y + 19. Determine z(-11).
8
Let x(m) = 5*m - 3. Give x(1).
2
Let r(u) = -u**2 + 10*u + 1. What is r(8)?
17
Let t(j) = 2*j**3 + 4*j**2 + 5*j + 6. Determine t(-2).
-4
Let d(k) = -55*k - 171. Calculate d(-3).
-6
Let h(z) = -4*z**2 + 8*z - 10. Calculate h(6).
-106
Let i(j) = j**3 + 3*j**2 - j + 2. Calculate i(-3).
5
Let z(k) = k**2 + 7*k + 6. Calculate z(-6).
0
Let z(a) = a**2 - 3*a - 4. What is z(4)?
0
Let r(w) = -w**2 + 37*w - 123. Give r(33).
9
Let c(d) = d**2 + 16*d - 40. Determine c(-18).
-4
Let c(n) = -8*n - 30. What is c(-4)?
2
Let l(y) = y**2 - 6*y - 16. Give l(9).
11
Let k(h) = h**2 + 12*h - 79. What is k(4)?
-15
Let s(t) = 7*t - 153. What is s(22)?
1
Let q(t) = -t**2 - 6. Calculate q(-3).
-15
Let o(d) = d**3 - 14*d**2 + 12*d + 8. Give o(13).
-5
Let a(m) = m**2 - 10*m + 17. Determine a(8).
1
Let w(b) = -b**2 - 6*b + 10. What is w(2)?
-6
Let g(b) = b**2 + 26*b - 75. What is g(-28)?
-19
Let z(y) = -y**2 - 14*y - 10. Give z(-7).
39
Let d(h) = -h**3 - h**2 + 2*h + 1. Calculate d(2).
-7
Let q(x) = -x**2 - 10*x + 17. Calculate q(-11).
6
Let c(q) = -2*q**2 + 37*q + 36. Calculate c(19).
17
Let t(a) = 2*a**2 + 16*a - 96. Give t(-12).
0
Let s(r) = -r**2 + 7*r + 9. Determine s(9).
-9
Let a(b) = -b**3 + 6*b**2 + 68*b + 7. What is a(-6)?
31
Let l(v) = 42*v**3 + v**2 + v - 1. Determine l(1).
43
Let o(s) = -11*s - 61. Calculate o(-5).
-6
Let v(m) = -m. What is v(-2)?
2
Let u(w) = 20*w**2 + 12*w - 4. What is u(-2)?
52
Let s(b) = b**3 + 8*b**2 - 12*b - 9. What is s(-9)?
18
Let f(t) = -10*t + 59. Calculate f(6).
-1
Let m(i) = 42*i + 601. Calculate m(-14).
13
Let l(h) = -h - 7. Calculate l(7).
-14
Let z(i) = 4*i**2 + 31*i - 17. Give z(-9).
28
Let i(m) = -m**2 + 11*m - 27. What is i(6)?
3
Let f(v) = v**3 + 15*v**2 - 4. Calculate f(-15).
-4
Let w(u) = -u**3 + 2*u**2 - 4*u + 20. Calculate w(3).
-1
Let q(m) = -m + 13. What is q(-7)?
20
Let r(v) = 4*v + 6. What is r(8)?
38
Let v(c) = 20*c + 2. What is v(-2)?
-38
Let f(z) = -z**3 + 14*z**2 + z + 7. Give f(14).
21
Let l(d) = 2*d**3 + 6*d - 3. What is l(3)?
69
Let u(c) = -c**2 - 14*c - 12. Give u(-14).
-12
Let z(i) = 35*i**2 + 3*i + 3. What is z(-1)?
35
Let v(i) = -i + 4. Calculate v(17).
-13
Let n(m) = 46*m**3 - m**2 - m + 1. Calculate n(1).
45
Let t(s) = 11*s + 79. What is t(-7)?
2
Let v(t) = t**3 + 8*t**2 + 7*t - 11. What is v(-8)?
-67
Let s(o) = -o**2 - 16*o - 29. Give s(-13).
10
Let u(v) = -v**3 + 6*v**2 - 11. Determine u(6).
-11
Let l(p) = 13*p + 157. Give l(-10).
27
Let w(a) = -2*a**2 - 3*a. Give w(-2).
-2
Let z(g) = -26*g + 23. Calculate z(2).
-29
Let q(k) = -k**3 - 9*k**2 - 11*k - 6. Determine q(-7).
-27
Let n(f) = -f**2 - 60*f + 48. What is n(-61)?
-13
Let c(f) = f**3 + 9*f**2 + 11*f + 20. Give c(-8).
-4
Let g(m) = m**3 - 13*m**2 + 30. What is g(13)?
30
Let o(n) = n**3 + 4*n**2 - 2*n - 6. Determine o(-4).
2
Let o(r) = 91*r - 625. What is o(7)?
12
Let w(y) = 14*y + 343. Give w(-24).
7
Let c(l) = -l**3 - 3*l**2 + 45*l + 143. Calculate c(-3).
8
Let q(i) = 7*i**3 + 2*i**2 + i. What is q(-1)?
-6
Let r(l) = 5*l + 115. Determine r(-12).
55
Let s(o) = -o**2 - 9*o + 7. Give s(-10).
-3
Let x(o) = -31*o - 272. Give x(-9).
7
Let z(y) = -6*y - 93. What is z(-18)?
15
Let d(t) = 53*t + 50. What is d(-1)?
-3
Let m(q) = 2*q**2 + 18*q + 1. Give m(-9).
1
Let g(a) = 6*a**2 + 96*a - 19. Calculate g(-16).
-19
Let p(b) = -b**3 + 13*b**2 + 14*b - 11. Calculate p(14).
-11
Let s(i) = -4*i - 10. Determine s(2).
-18
Let y(a) = 2*a - 18. Give y(11).
4
Let i(q) = -2*q**2 + 5*q + 31. Calculate i(0).
31
Let o(c) = c**2 - 11*c - 9. What is o(11)?
-9
Let j(z) = 3*z + 30. What is j(-13)?
-9
Let p(z) = -2*z**2 + 53*z - 184. Determine p(4).
-4
Let n(h) = -h**2 + 9*h - 14. What is n(4)?
6
Let y(r) = 2*r**3 + r**2 + 3*r + 3. Determine y(-2).
-15
Let u(x) = x**3 - 4*x**2 - 3*x. Give u(6).
54
Let z(j) = -j**2 + 3*j + 6. Calculate z(-3).
-12
Let s(x) = 2*x**3 - 23*x**2 + 14*x - 46. Determine s(11).
-13
Let l(p) = p**3 + 5*p**2 - 8*p + 1. Determine l(-6).
13
Let m(n) = 14*n**2 + n - 1. Calculate m(2).
57
Let h(p) = -2*p**2 - 7*p + 10. What is h(-5)?
-5
Let m(c) = -c + 12. Give m(11).
1
Let g(a) = 14*a + 13. Determine g(5).
83
Let c(p) = -p. Determine c(12).
-12
Let c(i) = i**2 - i + 2. Determine c(2).
4
Let j(v) = 4*v - 9. Give j(6).
15
Let c(v) = -4*v + 13. Determine c(6).
-11
Let h(b) = -b**3 + 6*b**2 - 9*b + 48. Determine h(6).
-6
Let o(i) = -i**3 - 11*i**2 + 2*i + 4. Calculate o(-11).
-18
Let r(p) = 4*p - 13. What is r(-10)?
-53
Let t(c) = c**3 + 15*c**2 - 15*c + 2. Give t(-16).
-14
Let i(v) = 7*v + 3. Give i(8).
59
Let h(f) = -7*f - 3. What is h(-3)?
18
Let z(c) = -28*c + 182. Calculate z(7).
-14
Let s(l) = -l**3 + 5*l**2 - 4*l - 10. Calculate s(5).
-30
Let n(x) = -3*x + 1. Determine n(-2).
7
Let v(y) = 6*y + 30. Calculate v(-8).
-18
Let d(x) = -8*x - 5. Give d(-2).
11
Let r(y) = y**3 - 36*y**2 + 37*y - 73. Give r(35).
-3
Let h(d) = d**3 + 30*d**2 - 26*d + 28. What is h(-31)?
-127
Let x(y) = y**2 - 31*y - 66. What is x(33)?
0
Let i(z) = 3*z**2 + 2*z + 41. Give i(0).
41
Let h(b) = -b + 6. Give h(5).
1
Let h(q) = -54*q + 2. Determine h(2).
-106
Let l(o) = 2*o**2 + 33*o + 77. Give l(-14).
7
Let i(o) = -2*o**2 + 29*o - 4. Determine i(14).
10
Let n(s) = -2*s**2 - 22*s + 6. Determine n(-12).
-18
Let w(u) = -u - 5. Give w(2).
-7
Let s(v) = 3*v + 5. Determine s(-4).
-7
Let o(h) = -6*h**2 - 3*h + 2. What is o(2)?
-28
Let l(i) = -5*i**2 - 14*i + 8. What is l(-6)?
-88
Let c(z) = z**2 + z - 46. Calculate c(0).
-46
Let w(s) = s**2 + 2*s - 2. Calculate w(-2).
-2
Let n(l) = -l**3 + 23*l**2 - 25*l + 62. Give n(22).
-4
Let k(f) = f**3 - 11*f**2 - 12*f + 9. Give k(12).
9
Let g(o) = 2*o**2 + 10*o - 6. Determine g(-6).
6
Let c(n) = 20*n**2 + 6*n - 4. Give c(1).
22
Let d(j) = -j**2 + 2*j. Calculate d(-3).
-15
Let v(l) = l**3 + 34*l**2 + 38*l + 40. Give v(-33).
-125
Let z(b) = 3*b**2 - 96*b + 1